47442730 is divided by 521?
470
What is the remainder when 796096 is divided by 420?
196
What is the remainder when 393582 is divided by 1?
0
What is the remainder when 4538850 is divided by 4538773?
77
Calculate the remainder when 7739 is divided by 777.
746
Calculate the remainder when 8065260 is divided by 122.
84
Calculate the remainder when 48494951 is divided by 36.
35
What is the remainder when 1340753 is divided by 22?
7
Calculate the remainder when 107998625 is divided by 503.
501
What is the remainder when 153525 is divided by 19188?
21
What is the remainder when 2873965 is divided by 502?
15
Calculate the remainder when 88332 is divided by 1772.
1504
Calculate the remainder when 2619916 is divided by 22.
2
What is the remainder when 393604 is divided by 480?
4
What is the remainder when 159437 is divided by 2109?
1262
What is the remainder when 156022 is divided by 754?
698
What is the remainder when 627468 is divided by 625599?
1869
Calculate the remainder when 35098845 is divided by 48.
45
What is the remainder when 34767 is divided by 8691?
3
What is the remainder when 1519663 is divided by 68?
67
Calculate the remainder when 21624 is divided by 1047.
684
Calculate the remainder when 42157 is divided by 1011.
706
What is the remainder when 468533 is divided by 13013?
65
Calculate the remainder when 28542 is divided by 8646.
2604
What is the remainder when 1404094 is divided by 702015?
64
Calculate the remainder when 31855 is divided by 2686.
2309
What is the remainder when 4623321 is divided by 193?
6
Calculate the remainder when 1359610 is divided by 2645.
80
What is the remainder when 99373 is divided by 1903?
417
Calculate the remainder when 658196 is divided by 190.
36
Calculate the remainder when 106882 is divided by 17579.
1408
Calculate the remainder when 597591 is divided by 410.
221
Calculate the remainder when 34541381 is divided by 34541371.
10
Calculate the remainder when 12193751 is divided by 4064563.
62
What is the remainder when 37103730 is divided by 12367910?
0
What is the remainder when 30049296 is divided by 39?
30
Calculate the remainder when 187465 is divided by 16930.
1235
What is the remainder when 3237 is divided by 3181?
56
What is the remainder when 65961 is divided by 1729?
259
Calculate the remainder when 222975 is divided by 2353.
1793
What is the remainder when 14399 is divided by 3562?
151
What is the remainder when 131104 is divided by 683?
651
What is the remainder when 607392 is divided by 242?
214
What is the remainder when 135292 is divided by 8?
4
Calculate the remainder when 29947 is divided by 13091.
3765
What is the remainder when 102306 is divided by 569?
455
Calculate the remainder when 4307 is divided by 1849.
609
Calculate the remainder when 509227 is divided by 1061.
1008
What is the remainder when 471137 is divided by 52347?
14
What is the remainder when 2241697 is divided by 10332?
9985
Calculate the remainder when 607871 is divided by 2036.
1143
Calculate the remainder when 26162735 is divided by 502.
1
Calculate the remainder when 50773 is divided by 1499.
1306
What is the remainder when 12651287 is divided by 1453?
16
Calculate the remainder when 16446 is divided by 10081.
6365
Calculate the remainder when 15005303 is divided by 3250.
53
Calculate the remainder when 329018 is divided by 36544.
122
Calculate the remainder when 204532 is divided by 556.
480
What is the remainder when 36782543 is divided by 8?
7
What is the remainder when 1698879 is divided by 188670?
849
What is the remainder when 5533292 is divided by 11?
6
What is the remainder when 291862 is divided by 1666?
312
Calculate the remainder when 3779978 is divided by 1889989.
0
Calculate the remainder when 2775744 is divided by 693928.
32
Calculate the remainder when 1698369 is divided by 453.
72
What is the remainder when 436785 is divided by 161?
153
What is the remainder when 44725646 is divided by 3194688?
14
Calculate the remainder when 572437 is divided by 286204.
29
What is the remainder when 297469382 is divided by 51?
50
Calculate the remainder when 26230 is divided by 3736.
78
What is the remainder when 180350 is divided by 1364?
302
Calculate the remainder when 18683516 is divided by 592.
588
What is the remainder when 594857 is divided by 1263?
1247
Calculate the remainder when 27758087 is divided by 74.
21
Calculate the remainder when 884217 is divided by 15512.
33
What is the remainder when 237603816 is divided by 1665?
1656
What is the remainder when 30341774 is divided by 261?
2
Calculate the remainder when 185002 is divided by 655.
292
What is the remainder when 1524815 is divided by 254050?
515
Calculate the remainder when 22833395 is divided by 2128.
2083
What is the remainder when 28038725 is divided by 328?
301
Calculate the remainder when 157560 is divided by 5221.
930
Calculate the remainder when 2604591 is divided by 372071.
94
Calculate the remainder when 9684467 is divided by 26.
13
Calculate the remainder when 7529521 is divided by 23.
11
What is the remainder when 203303 is divided by 67134?
1901
What is the remainder when 77565 is divided by 3793?
1705
What is the remainder when 12183213 is divided by 3045802?
5
What is the remainder when 10333620 is divided by 3444537?
9
Calculate the remainder when 24155438 is divided by 46.
10
What is the remainder when 206871 is divided by 11488?
87
What is the remainder when 68953539 is divided by 719?
1
Calculate the remainder when 55976288 is divided by 1838.
1836
Calculate the remainder when 7340216 is divided by 1547.
1248
Calculate the remainder when 8550 is divided by 3014.
2522
Calculate the remainder when 3664797 is divided by 16434.
15
Calculate the remainder when 23472340 is divided by 3912027.
178
Calculate the remainder when 5200 is divided by 3511.
1689
Calculate the remainder when 383378 is divided by 425.
28
Calculate the remainder when 53124653 is divided by 551.
539
Calculate the remainder when 313926 is divided by 20854.
1116
Calculate the remainder when 94494 is divided by 11791.
166
Calculate the remainder when 312620 is divided by 1620.
1580
Calculate the remainder when 6138100 is divided by 56.
52
Calculate the remainder when 1243937 is divided by 30329.
448
What is the remainder when 1050186 is divided by 30885?
96
What is the remainder when 531131673 is divided by 12?
9
Calculate the remainder when 8644 is divided by 7982.
662
What is the remainder when 84216453 is divided by 115?
113
Calculate the remainder when 411813 is divided by 25527.
3381
What is the remainder when 716258 is divided by 1486?
6
What is the remainder when 101937 is divided by 1760?
1617
What is the remainder when 983212 is divided by 357?
34
Calculate the remainder when 7369745 is divided by 241.
206
Calculate the remainder when 321101 is divided by 106128.
2717
Calculate the remainder when 8356556 is divided by 2311.
2291
Calculate the remainder when 404622 is divided by 744.
630
Calculate the remainder when 25278488 is divided by 6345.
8
Calculate the remainder when 73854 is divided by 2954.
4
Calculate the remainder when 774178 is divided by 96717.
442
What is the remainder when 141320 is divided by 46394?
2138
What is the remainder when 3497853 is divided by 14?
9
What is the remainder when 1651070 is divided by 165102?
50
Calculate the remainder when 28502 is divided by 28453.
49
What is the remainder when 224792 is divided by 1889?
1
What is the remainder when 56301222 is divided by 2324?
2322
Calculate the remainder when 1277282 is divided by 4661.
168
Calculate the remainder when 4320427 is divided by 1445.
1322
What is the remainder when 21569 is divided by 20550?
1019
What is the remainder when 219796 is divided by 11538?
574
What is the remainder when 1662698 is divided by 2127?
1511
Calculate the remainder when 403019 is divided by 1055.
9
Calculate the remainder when 1276587 is divided by 212.
135
What is the remainder when 4574710 is divided by 20700?
10
Calculate the remainder when 1431411 is divided by 178925.
11
What is the remainder when 120100868 is divided by 30025215?
8
What is the remainder when 174527 is divided by 169872?
4655
Calculate the remainder when 9944395 is divided by 837.
835
What is the remainder when 1668872 is div